4*m = 10*m. Let l = -9 - -18. Suppose 7*b - l*b + 24 = m. What is the highest common factor of b and 30?
6
Suppose 9 = 28*n - 31*n. Let j be (n/9)/((-1)/(-3)) + 90. Suppose 0 = -5*m + 249 - j. What is the highest common divisor of m and 224?
32
Suppose 14*p = 838 + 814. Let a(b) = 20*b**2 + 2*b + 1. Let g be a(-3). Suppose p*q = 123*q - g. What is the highest common divisor of 7 and q?
7
Suppose 0 = -l + 38*l - 407. Let v(o) = o**3 + 1. Let g be v(-1). Let d be g + 24 + (0 - 2). What is the greatest common divisor of d and l?
11
Suppose 1052 = -6*g - 5308. Let x = 2020 + g. Calculate the highest common divisor of 30 and x.
30
Suppose -2*q + 10*l - 8*l + 954 = 0, 4*q - 1914 = 2*l. Suppose -q = -w - w. Calculate the highest common divisor of w and 10.
10
Let d = -5180 - -9416. Let o be d/84 - 6/14. Let u be -1 - (1 + 539/(-7)). Calculate the highest common divisor of u and o.
25
Let y be ((-5)/1 + 372)*1 + 4. Let z be (3 - y/(-14)) + 3/6. What is the highest common factor of z and 210?
30
Suppose 0 = -1472*y + 1465*y + 112. Calculate the greatest common factor of y and 348.
4
Let q be (645/(-60))/((-1)/8). Let j = 96 + q. What is the greatest common factor of 2 and j?
2
Let h be (12/2)/(-19 - 82/(-4)). Calculate the highest common factor of 109 and h.
1
Let i(c) = -242*c + 468. Let j be i(-9). Calculate the highest common factor of j and 84.
42
Let w(m) = -m + m**2 - 1 - 2*m + 4 + 2. Let l be w(3). Suppose -2*n + l = -149. Calculate the greatest common factor of n and 7.
7
Let b = 2471 - 1447. Let g = b + -788. What is the highest common divisor of g and 413?
59
Let t be 1 + -12 - (-250 + 226). Let o(u) = 165*u + 2. Let k be o(7). Calculate the highest common divisor of k and t.
13
Let p be (-4)/(10/25*25/(-95)). Calculate the highest common factor of p and 608.
38
Let a be (-329320)/(-35) - 704/616. What is the highest common factor of a and 192?
192
Let b(o) = -o**3 + 8*o**2 + 3*o + 13. Let m be b(7). Let l = m + -59. What is the greatest common divisor of 104 and l?
8
Suppose 0 = -12*a + 7*a + 3*r + 579, 6*a = -r + 727. What is the highest common divisor of a and 1905?
15
Suppose 2*j + 69 = -4*r + 727, -r + 3*j = -147. Let k be r/4 + (-14)/(196/(-21)). Calculate the highest common divisor of 1344 and k.
42
Let h be 34 + -1 + 1 + 16/(-16). Let t = h + -21. Suppose 2*m + 4 = t. What is the greatest common divisor of m and 28?
4
Suppose 2303 = -13*o + 8270. What is the greatest common factor of 2052 and o?
27
Suppose 0 = 3918*h - 3865*h - 25440. Calculate the highest common divisor of h and 8448.
96
Let s be 8/14*(-112)/(-32). Suppose w = s*w + 2. Let v be (-10 - 16)*w/4. Calculate the highest common factor of v and 52.
13
Let y be 0 + (27 + 1 - 0). Let x(s) = -4*s**3 - s**2 + 5*s - 7. Let i be x(3). Let v = i - -116. Calculate the highest common factor of v and y.
7
Let p = 4584 + -4564. Let u = -18 - -1238. What is the highest common divisor of u and p?
20
Suppose 3 = -d + 2*d. Suppose -d*l + 12 = -l. Let o(s) = 10*s - 4. Let q be o(1). What is the highest common divisor of l and q?
6
Suppose 243 = 3*g - t, 3*g - 32 = -2*t + 202. What is the highest common factor of 176 and g?
16
Let w(y) = -y**2 + 6*y - 7. Let f(k) = k**3 - 13*k**2 + 9. Let q be f(13). Let s be w(q). Let h = 154 + s. What is the greatest common divisor of 48 and h?
24
Suppose -x = 5, 2*x + 48 = -3*p + 752. Calculate the highest common divisor of 1853 and p.
17
Let f(s) = s**3 + 25*s**2 - 31*s + 17. Let i be f(-26). Let q be -1 - (i/(-9) - (-20)/(-30)). Calculate the highest common factor of q and 3.
1
Suppose 13287 = 3*j + 5*k, -168*k + 164*k + 13284 = 3*j. Calculate the greatest common divisor of j and 280.
56
Suppose 3*q = 2*d + 536, -3*q + 62 + 482 = 2*d. Calculate the greatest common divisor of 50 and q.
10
Let f be (-3)/(-2) - 33/6. Suppose -3*y - 402 = -5*y - 4*n, 606 = 3*y + 3*n. Let s be y/14 - (-2)/f. What is the highest common divisor of 42 and s?
14
Let w(h) = h**3 + 5*h**2 - 11*h - 62. Let z be w(-4). Let o be 69 - (8 - (z - -4)). Calculate the greatest common factor of o and 9.
9
Suppose -w = -w - 10*w. Let c be (24/9 + w)*153/12. What is the highest common factor of 238 and c?
34
Suppose q + 434 = 3*a, 188 = 2*a + 5*q - 90. Calculate the highest common divisor of a and 846.
18
Suppose 0 = 7*z + 52 + 480. Let l = z + 108. Calculate the greatest common factor of l and 288.
32
Suppose 0 = 3*k - 79*i + 76*i - 2625, -4*i = 3*k - 2618. What is the highest common factor of k and 57?
19
Let v = 5880 - 5866. Calculate the greatest common divisor of v and 1778.
14
Let r = 17813 + -17763. Let n be (-1)/(-4) - (-570)/(-40). Let u = -4 - n. Calculate the greatest common factor of u and r.
10
Let f be (-1248)/(-60) + -2 + (-22)/(-10). Suppose 3*y = 6 + 15. What is the highest common divisor of y and f?
7
Suppose 2*z - 296 = -2*p, -5*p + 5*z = -8*p + 448. Calculate the greatest common divisor of 7081 and p.
73
Suppose -55*o - 262 = -172*o - 145*o. Calculate the highest common factor of o and 2791.
1
Let h be 2 + (-7)/(7/(-50)). Let a be 854/26 - (-8)/h. Let b(d) = -d**2 - 64*d - 415. Let x be b(-56). Calculate the highest common divisor of x and a.
33
Let u = 262 + -283. Let o be (u/6)/(112/(-192)). Calculate the highest common divisor of o and 9.
3
Suppose -46 - 330 = 2*x. Let b = -163 - x. Calculate the greatest common factor of 225 and b.
25
Let z(b) = b**2 + 6*b - 5. Let s be z(-5). Suppose -118*u = -122*u - 288. Let m be s*(-2)/((-4)/u*3). What is the greatest common factor of 12 and m?
12
Let i be (-12)/(-10)*(-40)/(-6). Let c be 4/16*16/(-2) - -507. Let j = -433 + c. Calculate the greatest common factor of j and i.
8
Let r = -155 - -51. Let c = r - -95. Let n be c/(-24) + (-308)/(-32). What is the greatest common divisor of n and 5?
5
Suppose 3*j + 10 = -4*d, -4*j - 4*d = -0*j + 8. Let f = -14 + -117. Let b = 135 + f. Calculate the highest common divisor of b and j.
2
Suppose 4680 = -772*a + 792*a. Calculate the greatest common factor of 78 and a.
78
Let c(p) = 38*p**2 + 49*p + 49. Let j be c(-1). Let s be (-3)/(6/16) + j. What is the greatest common factor of s and 105?
15
Suppose 22*a - 15*a = 5684. Suppose 4*x - 3*n = 298 + 490, 3*n - a = -4*x. What is the highest common divisor of 80 and x?
40
Let r be (11/3)/(2/90). Let c be 2622/69 - (11 + 12). What is the highest common divisor of r and c?
15
Suppose 316 = 5*w - 5*n + 51, -41 = -w - 3*n. Suppose -3*p + 98 - 12 = -d, 0 = 4*p - 3*d - 108. What is the greatest common factor of p and w?
10
Let v be ((-340)/510)/(((-8)/(-3906))/(-2)). Calculate the greatest common factor of 42 and v.
21
Suppose 5508 = -14*p + 95*p. What is the greatest common factor of p and 578?
34
Suppose 4*u + u - 20 = 2*w, 2*u - 2*w - 8 = 0. Let n be -3 + u + -9 + 11. What is the greatest common factor of 4 and n?
1
Let d(w) = -3 + 6 + 58*w - 3 + 2. Let u be d(1). Let x = 68 - u. What is the highest common divisor of 12 and x?
4
Let n(u) = 44*u**2 + 17*u + 125. Let h be n(-10). Calculate the greatest common divisor of 134 and h.
67
Let j(m) = 1093*m - 863. Let y be j(2). What is the greatest common divisor of y and 245?
49
Let g(y) = -364*y - 898. Let x be g(-18). What is the greatest common factor of 22 and x?
22
Suppose 3*u + 2*a = 3, -3*u + 0*a = -a - 12. Suppose -j - 580 = -3*h, u*j = 3*h - 99 - 489. What is the greatest common factor of 24 and h?
24
Let k(w) = 3*w - 108. Let g be k(41). Suppose -3*o = -4*u + g, -4*u + 14 = -5*o - 3. What is the highest common divisor of u and 93?
3
Let k be (-16)/6 - (-13 - (-5649)/(-9)). Calculate the highest common divisor of k and 174.
58
Suppose 407*w - 406*w = -5*v + 862, 1734 = 2*w + 5*v. Calculate the greatest common divisor of 545 and w.
109
Let b(o) = -3*o**2 + 123*o - 364. Let k be b(37). What is the greatest common divisor of k and 112?
16
Suppose -z = -4*n + 5207, -z - 108 = n - 1401. Calculate the highest common divisor of n and 160.
20
Let c(d) = 0 - 7*d - 8*d + 4 + 18*d. Let r be c(0). Suppose 6*y - 50 = r*y. What is the greatest common factor of 25 and y?
25
Suppose 34*r - 33*r + 4*z = 475, 1015 = 2*r - 5*z. Calculate the greatest common divisor of r and 90.
45
Let s(a) = -a**3 + 10*a**2 + 2*a - 1. Let z be s(7). Let u(k) = k**2 + 4*k - 253. Let b be u(-19). Calculate the highest common d